 -2) + 1 + -7. Let h = 14 - l. Suppose 3*f - 2*p + 51 = 160, 12 = 3*p. Calculate the remainder when f is divided by h.
19
What is the remainder when 33 + 0 + 2 + -3 is divided by 7?
4
Let z = -44 - -79. Suppose 12 = 3*k + 3*h, 4*k - h - 48 = 3*h. Suppose -k*x = -3*x - 60. What is the remainder when z is divided by x?
11
Let h = 30 + -18. Calculate the remainder when (-522)/(-16) - (-78)/208 is divided by h.
9
Let w = -31 - -46. Let m = -33 - -113. Let t = m - 37. What is the remainder when t is divided by w?
13
Suppose 18 = u - 2*p, 0 = -3*p + 5*p. Calculate the remainder when 50 is divided by u.
14
What is the remainder when (-2*(-2)/(-4))/(9/(-288)) is divided by 11?
10
Suppose 5*t - 111 = 24. Suppose 0 = x + 3*h - 26, 0 = 3*x - 4*x - 5*h + 34. What is the remainder when t is divided by x?
13
Suppose 7*f - 22 = 5*f. Suppose -t + 5*g + 11 = 0, 0*t = 4*t + 2*g - 88. Calculate the remainder when t is divided by f.
10
Let l = -5 + -1. Let x(v) = v. Let h be x(-3). What is the remainder when -2 + l/h - -38 is divided by 13?
12
Calculate the remainder when 19 + (-3)/3*3 is divided by 10.
6
Suppose 4*w - 37 - 51 = 0. Calculate the remainder when w is divided by 8.
6
Let s be 0*(6/(-2))/(-3). Let z(r) = s*r + r + 18 - 2*r. Calculate the remainder when z(9) is divided by 5.
4
Suppose 0 = s - 0*j + 5*j + 18, -j = -2*s + 8. Suppose 3*x - 62 = 31. What is the remainder when x is divided by s/((-6)/(-45)) + 1?
15
Let h be (5/3)/((-2)/(-6)). Suppose 0 = -3*d, -3*c + h*d = 6*d - 12. Suppose c*i - 16 = -0*i. Calculate the remainder when 11 is divided by i.
3
Suppose 5*s + l + 29 = 0, -5*s + l - 6*l - 25 = 0. Calculate the remainder when 16 + -2*(-9)/s is divided by 4.
1
Let o = -7 - 20. Let f be 2/(1 + 1) + 47. Let a = o + f. Calculate the remainder when a is divided by 11.
10
Suppose 2*q = -2*x + 72, -3*q = -x - 8*q + 48. What is the remainder when x is divided by 9?
6
Calculate the remainder when 87 is divided by 52/(-6)*-3 - 3.
18
Suppose 0 = -5*s + 9*s - 56. What is the remainder when 67 is divided by s?
11
Let o(w) = 10*w - 17. What is the remainder when o(16) is divided by 29?
27
Let j(y) = y + 6. Suppose 3*v - g - 1 = 0, -3*g - 2*g = -3*v + 5. Let n be j(v). Let l = n - 5. Calculate the remainder when l is divided by 1.
0
Suppose 4*t + 2 = -10, -105 = -2*b - t. Calculate the remainder when b is divided by 5.
4
Suppose 5*t + 45 = -0*t. Let p(x) = x**2 + 7*x - 7. Calculate the remainder when 41 is divided by p(t).
8
Suppose -5*z - 2*u - 40 = -z, -z - 10 = -5*u. Let p = z - -37. Calculate the remainder when p is divided by 14.
13
Suppose 79 = 2*m - 3*j, -2*m - 5*j = 3*m - 160. What is the remainder when m is divided by (-3)/(12/(-8))*(4 + 2)?
11
Let b = 221 - 114. What is the remainder when b is divided by (-4)/(-10) + 532/20?
26
Suppose 19*o = 22*o - 102. Calculate the remainder when o is divided by (6/(-8))/(2/(-48)).
16
Suppose 0 = 4*z - a - 0*a, 5*a = -4*z + 24. What is the remainder when 3 is divided by z?
0
What is the remainder when -33*(2 - 28/12) is divided by 3?
2
Let t(w) be the second derivative of 37*w**4/12 - w. Suppose 2 + 3 = 5*y, 2*d + 2*y = 4. What is the remainder when t(d) is divided by 13?
11
Let o(f) = -31*f - 1. Let v(w) = -9*w - 2. What is the remainder when o(-1) is divided by v(-2)?
14
What is the remainder when 45 is divided by (-24*1)/(-2) + 5?
11
Let f = 5 + -3. Suppose -f*z - z = 6. Calculate the remainder when 2*(-1)/z*17 is divided by 5.
2
Let o(a) = a + 25. Suppose -25 = -0*l - 5*l, 2*c = 2*l - 10. Let u be o(c). Suppose -u = -0*k - 5*k. Calculate the remainder when 9 is divided by k.
4
Let v(s) = 7*s**3 - 8*s**2 - 8*s - 9. Let p(d) = 11*d**3 - 12*d**2 - 12*d - 13. Let z(r) = 5*p(r) - 8*v(r). Calculate the remainder when 3 is divided by z(5).
1
Let z(r) = 44*r - 1. Let i be z(2). Let l = -62 + i. Let w(v) = 6*v - 3. What is the remainder when l is divided by w(2)?
7
Calculate the remainder when (6/(-9))/(2/(-285)) is divided by 14.
11
Let j(i) = -i**2 + 9*i + 6. Let r be j(10). What is the remainder when 6 is divided by r/(-14) + 26/7?
2
Let m = 39 + -28. Suppose -59 + m = -4*p. What is the remainder when 23 is divided by p?
11
What is the remainder when 0 - (-1 - (-180)/(-3)) is divided by 9?
7
Let f(x) = -12*x + 4. What is the remainder when f(-7) is divided by 23?
19
Suppose -37 - 12 = -3*z + 2*f, -4*z = -4*f - 72. Suppose 200 = -5*a + 9*a. Suppose 3*g - a = g. What is the remainder when g is divided by z?
12
Suppose -r - 2*t + 35 = -49, 0 = -2*t. What is the remainder when r is divided by 29?
26
Suppose -3*q + 130 = 2*q. Calculate the remainder when q is divided by 7.
5
Let q(t) be the first derivative of -t**4/4 - 8*t**3/3 + 3*t**2 - 12*t + 1. What is the remainder when q(-9) is divided by 8?
7
Suppose -4*b - 75 + 23 = -5*l, -5*b = -l + 23. Calculate the remainder when 9 is divided by l.
1
Let v = 8 - -10. What is the remainder when 32 is divided by -3*(-34)/v*3?
15
Let a(o) be the first derivative of -3*o**2/2 + 6*o + 4. Suppose -14 = y - 2*y. What is the remainder when a(-7) is divided by y?
13
Let o(t) = -3*t**3 + t**2 - 2*t + 1. Let w be o(2). Let f = w + 38. What is the remainder when 59 is divided by f?
14
Suppose 174 = 4*d - 2*u, 3*d - 2*u - 148 = -16. Suppose -4*l = -2*c - 2, -5*c + 4*c + 3*l = 6. What is the remainder when (72/d)/(2/28) is divided by c?
6
Let z be -5*2 + -1 + 2. Let h = 32 + z. Suppose -3*d + 20 = 2*v, 2*d - v + 22 = 5*d. Calculate the remainder when h is divided by d.
7
What is the remainder when 27 is divided by (-1)/(3/(3*-7))?
6
Suppose 4*a - 3*d - 12 = -7*d, -d - 12 = -4*a. Suppose v - 4 = a*v. Calculate the remainder when 22/4 + (-1)/v is divided by 4.
2
Let q(g) = -3*g**3 - g**2 - 2*g - 1. Let s be q(-1). Suppose -3 = -2*r + s. What is the remainder when r is divided by 2?
1
Suppose -5*a = -25, 4*a = 2*l - 0*a + 2. Let m = 31 - l. Calculate the remainder when m is divided by 8.
6
Let m(j) = -j**2 - 2*j**2 - j**2 + 3*j**2 + 1 + 4*j**3. What is the remainder when 6 is divided by m(1)?
2
Suppose o - 4 = -o, k - 16 = -4*o. What is the remainder when 22 is divided by k?
6
Let q(w) = -5*w + 3*w - 2 + 0*w. Suppose -3*n + 99 = 3*o, -5*o - 89 - 16 = -4*n. What is the remainder when n is divided by q(-9)?
14
Let m = -82 - -205. What is the remainder when m is divided by 18?
15
Calculate the remainder when (-37)/13 + 2/(-13) + 58 is divided by 20.
15
Let k(l) = -10*l - 2. Suppose z = -3*m + 186, -3*z = -2*z - 4*m - 200. Calculate the remainder when k(-4) is divided by (-2)/(-10) - z/(-15).
12
Suppose 7*b - 2*b = -4*d + 29, -4*b - d = -32. Suppose 4*m - 2*m = 34. What is the remainder when m is divided by b?
8
Suppose -6*b + 0*b = -276. What is the remainder when b is divided by 16?
14
Let h be -46*(-1 - 1 - 0). Suppose h = w - 4*q, 5*q + 44 + 43 = w. What is the remainder when w is divided by 23?
20
Let o = 41 + -17. Let v(g) = g + 6. Calculate the remainder when o is divided by v(7).
11
Suppose 2*m + 18 = -5*l, 3*m + 6 = -5*l + 4*m. Let p be 36/30*5/l. Calculate the remainder when 18 + ((-18)/p)/3 is divided by 11.
9
Suppose -4*l = -2*i - 203 - 343, 0 = -4*l - 5*i + 553. Suppose 0 = -4*z + l + 123. Calculate the remainder when z is divided by (-44)/(-6)*(-27 + 30).
21
Suppose -3*a - 40 = -7*a. Suppose -3*n + 1 - a = 0. Let g = n - -15. What is the remainder when 35 is divided by g?
11
Let b(r) = -r**3 - r**2 + r + 10. What is the remainder when (-216)/(-42)*1*(-14)/(-2) is divided by b(0)?
6
Let u = 102 - 45. What is the remainder when u is divided by 30?
27
Let j = -68 + 79. Calculate the remainder when j is divided by 4.
3
What is the remainder when 49 is divided by (-74)/(-6) + (-4)/(-6) + -3?
9
What is the remainder when (3 - 39/5)*-10 is divided by 5?
3
Suppose 4 - 6 = -o. Let t(v) = v**2 + 1. What is the remainder when t(o) is divided by 2?
1
Let b = -148 - -274. What is the remainder when b is divided by 32?
30
Suppose 3*x + x = 16. Suppose 2*g = -0*g + x. Suppose 2*q - 7 = l, -3*q + 4*q + 4*l = -10. What is the remainder when q is divided by g?
0
Calculate the remainder when 1466/12 + (-2)/48*4 is divided by 41.
40
Let p(n) = -6*n**2 - n + 1. Let y be p(1). Let r = 14 + y. Suppose 0 = -2*k - 10, 5*s + 3*k - 80 = 4*k. Calculate the remainder when s is divided by r.
7
Let g(k) = -8*